
What is the ten thousands digit of 13646733?
4
What is the hundred thousands digit of 584943?
5
What is the units digit of 164876?
6
What is the units digit of 8812769?
9
What is the units digit of 15816?
6
What is the ten thousands digit of 19682896?
8
What is the thousands digit of 557040?
7
What is the ten thousands digit of 71142?
7
What is the units digit of 276100?
0
What is the tens digit of 133458?
5
What is the thousands digit of 142612?
2
What is the tens digit of 200832?
3
What is the tens digit of 2422581?
8
What is the units digit of 10414924?
4
What is the thousands digit of 11758880?
8
What is the units digit of 345626?
6
What is the thousands digit of 86418?
6
What is the ten thousands digit of 47690?
4
What is the tens digit of 128941?
4
What is the ten thousands digit of 178245?
7
What is the tens digit of 12422528?
2
What is the hundred thousands digit of 258767?
2
What is the units digit of 319832?
2
What is the ten thousands digit of 11010324?
1
What is the thousands digit of 8462349?
2
What is the units digit of 329753?
3
What is the thousands digit of 52878?
2
What is the ten thousands digit of 2347795?
4
What is the ten thousands digit of 481469?
8
What is the units digit of 8846?
6
What is the thousands digit of 4641766?
1
What is the millions digit of 8744520?
8
What is the thousands digit of 142140?
2
What is the millions digit of 1980928?
1
What is the hundreds digit of 332415?
4
What is the units digit of 10615946?
6
What is the hundreds digit of 16712296?
2
What is the tens digit of 5276456?
5
What is the hundred thousands digit of 10314489?
3
What is the hundreds digit of 249870?
8
What is the millions digit of 19872257?
9
What is the ten thousands digit of 476943?
7
What is the ten thousands digit of 135214?
3
What is the ten thousands digit of 7993234?
9
What is the thousands digit of 907587?
7
What is the units digit of 853214?
4
What is the units digit of 2485?
5
What is the hundred thousands digit of 523184?
5
What is the thousands digit of 3680246?
0
What is the units digit of 37434635?
5
What is the ten thousands digit of 8330647?
3
What is the units digit of 29769?
9
What is the units digit of 2455277?
7
What is the hundred thousands digit of 5409833?
4
What is the hundreds digit of 14494086?
0
What is the thousands digit of 278776?
8
What is the tens digit of 9481234?
3
What is the units digit of 18846300?
0
What is the millions digit of 1914419?
1
What is the hundreds digit of 4574905?
9
What is the hundreds digit of 584321?
3
What is the thousands digit of 1030055?
0
What is the hundred thousands digit of 612008?
6
What is the hundreds digit of 2232375?
3
What is the ten thousands digit of 208219?
0
What is the thousands digit of 419247?
9
What is the hundreds digit of 136794?
7
What is the hundred thousands digit of 3242836?
2
What is the tens digit of 1729602?
0
What is the millions digit of 4431306?
4
What is the hundreds digit of 418090?
0
What is the hundred thousands digit of 122674?
1
What is the ten thousands digit of 1154396?
5
What is the units digit of 1665031?
1
What is the tens digit of 206924?
2
What is the ten millions digit of 20196750?
2
What is the thousands digit of 3165860?
5
What is the tens digit of 1035892?
9
What is the units digit of 100698?
8
What is the units digit of 9585?
5
What is the units digit of 174209?
9
What is the ten thousands digit of 2116037?
1
What is the tens digit of 600942?
4
What is the hundreds digit of 57353?
3
What is the millions digit of 17875278?
7
What is the ten thousands digit of 15812?
1
What is the tens digit of 6650338?
3
What is the hundred thousands digit of 481178?
4
What is the hundred thousands digit of 4973880?
9
What is the millions digit of 1112647?
1
What is the ten thousands digit of 12758929?
5
What is the thousands digit of 20206198?
6
What is the ten thousands digit of 16497771?
9
What is the millions digit of 13179471?
3
What is the hundred thousands digit of 883992?
8
What is the ten thousands digit of 5898453?
9
What is the hundred thousands digit of 13912053?
9
What is the hundred thousands digit of 8973321?
9
What is the tens digit of 512460?
6
What is the ten thousands digit of 5351400?
5
What is the tens digit of 4136289?
8
What is the hundreds digit of 1791647?
6
What is the hundreds digit of 808292?
2
What is the hundreds digit of 52966?
9
What is the thousands digit of 285222?
5
What is the thousands digit of 121385?
1
What is the units digit of 108791?
1
What is the units digit of 10252277?
7
What is the thousands digit of 1145935?
5
What is the thousands digit of 14995125?
5
What is the units digit of 1746655?
5
What is the ten thousands digit of 551300?
5
What is the hundred thousands digit of 100249?
1
What is the hundreds digit of 4217267?
2
What is the hundreds digit of 443?
4
What is the tens digit of 200368?
6
What is the hundred thousands digit of 211662?
2
What is the thousands digit of 23219204?
9
What is the tens digit of 6404040?
4
What is the tens digit of 1461932?
3
What is the hundred thousands digit of 1880275?
8
What is the thousands digit of 205962?
5
What is the hundreds digit of 928428?
4
What is the ten thousands digit of 1006790?
0
What is the thousands digit of 312277?
2
What is the ten thousands digit of 3250423?
5
What is the hundreds digit of 3913897?
8
What is the hundreds digit of 782939?
9
What is the millions digit of 1260712?
1
What is the thousands digit of 959790?
9
What is the hundreds digit of 1539632?
6
What is the ten thousands digit of 10764810?
6
What is the thousands digit of 284111?
4
What is the thousands digit of 19181679?
1
What is the units digit of 9182612?
2
What is the thousands digit of 373474?
3
What is the units digit of 21811330?
0
What is the thousands digit of 5710?
5
What is the thousands digit of 7335533?
5
What is the thousands digit of 9580?
9
What is the millions digit of 3859527?
3
What is the millions digit of 7106241?
7
What is the tens digit of 152254?
5
What is the ten thousands digit of 1698022?
9
What is the units digit of 14031208?
8
What is the units digit of 629358?
8
What is the ten thousands digit of 13461042?
6
What is the tens digit of 99609?
0
What is the tens digit of 832067?
6
What is the hundreds digit of 11363476?
4
What is the millions digit of 19807860?
9
What is the hundred thousands digit of 262039?
2
What is the hundred thousands digit of 2940214?
9
What is the hundreds digit of 205203?
2
What is the units digit of 35011552?
2
What is the hundred thousands digit of 627026?
6
What is the ten thousands digit of 9016993?
1
What is the units digit of 1997447?
7
What is the ten thousands digit of 7891604?
9
What is the hundred thousands digit of 10971744?
9
What is the units digit of 512?
2
What is the ten thousands digit of 12466?
1
What is the ten millions digit of 11504487?
1
What is the thousands digit of 14101920?
1
What is the millions digit of 5110994?
5
What is the ten thousands digit of 3769869?
6
What is the hundred thousands digit of 395201?
3
What is the thousands digit of 27212317?
2
What is the millions digit of 3661399?
3
What is the hundred thousands digit of 648622?
6
What is the hundred thousands digit of 1890147?
8
What is the units digit of 6015091?
1
What is the millions digit of 7386421?
7
What is the units digit of 95137?
7
What is the units digit of 21000747?
7
What is the ten thousands digit of 127452?
2
What is the units digit of 220460?
0
What is the units digit of 11574962?
2
What is the thousands digit of 11524168?
4
What is the units digit of 5033136?
6
What is the tens digit of 280085?
8
What is the hundred thousands digit of 288068?
2
What is the hundred thousands digit of 326695?
3
What is the thousands digit of 283931?
3
What is the ten thousands digit of 479218?
7
What is the tens digit of 817634?
3
What is the hundred thousands digit of 6445519?
4
What is the hundred thousands digit of 2330692?
3
What is the thousands digit of 772612?
2
What is the ten millions digit of 17799382?
1
What is the thousands digit of 245470?
5
What is the millions digit of 1393519?
1
What is the units digit of 1427275?
5
What is the tens digit of 12879690?
9
What is the hundred thousands digit of 117931?
1
What is the ten thou